 7030240.
224
Calculate the highest common divisor of 4648 and 453512.
664
What is the highest common factor of 10308 and 696?
12
What is the highest common divisor of 505325 and 23171?
493
What is the greatest common divisor of 812 and 2716?
28
What is the greatest common factor of 1680 and 6510?
210
What is the greatest common factor of 83490 and 2185?
115
What is the greatest common factor of 11460480 and 12?
12
What is the greatest common divisor of 225 and 4257?
9
Calculate the highest common factor of 93 and 320385.
93
What is the highest common factor of 60439 and 19?
19
What is the greatest common divisor of 575 and 172775?
25
What is the highest common factor of 200 and 785300?
100
What is the greatest common factor of 67319 and 14?
7
What is the highest common divisor of 6015 and 405?
15
What is the greatest common divisor of 1165 and 105?
5
What is the greatest common factor of 579774 and 78?
78
Calculate the greatest common divisor of 13 and 6255613.
13
Calculate the greatest common divisor of 26931 and 423.
141
Calculate the greatest common divisor of 11999 and 1352.
169
What is the greatest common divisor of 81134 and 1130?
226
What is the highest common factor of 2103776 and 64?
32
Calculate the greatest common divisor of 2300 and 3818.
46
What is the greatest common divisor of 63 and 613851?
21
Calculate the highest common divisor of 12 and 65664.
12
What is the greatest common divisor of 652785 and 28?
7
What is the highest common factor of 990443 and 1011?
337
What is the greatest common divisor of 9666 and 378?
54
Calculate the highest common factor of 3019952 and 104.
104
Calculate the greatest common factor of 132 and 11815914.
66
What is the greatest common factor of 20 and 41110?
10
Calculate the greatest common divisor of 66825 and 81.
81
What is the highest common divisor of 382622 and 38?
38
Calculate the greatest common factor of 293611 and 62681.
3299
What is the highest common factor of 851 and 177859?
851
Calculate the greatest common divisor of 34345 and 240.
5
Calculate the highest common factor of 304 and 240768.
304
Calculate the highest common divisor of 380 and 35188.
76
What is the greatest common factor of 1671 and 15?
3
Calculate the highest common factor of 7122 and 72.
6
What is the greatest common divisor of 288 and 828?
36
Calculate the highest common divisor of 5320 and 84170.
190
Calculate the greatest common factor of 14603 and 119.
17
Calculate the greatest common factor of 1677 and 2886.
39
What is the highest common divisor of 187 and 694331?
187
Calculate the greatest common divisor of 16297 and 5891.
43
Calculate the highest common divisor of 1309 and 99.
11
Calculate the highest common divisor of 11388 and 182.
26
What is the greatest common divisor of 416 and 4498?
26
Calculate the highest common factor of 603 and 29949.
201
Calculate the highest common divisor of 23068 and 1027.
79
What is the greatest common divisor of 3135 and 1805?
95
What is the highest common factor of 147748 and 602?
86
Calculate the greatest common divisor of 208 and 95760.
16
Calculate the greatest common factor of 12425 and 140.
35
Calculate the highest common factor of 378 and 9744.
42
Calculate the greatest common factor of 1495 and 44045.
115
What is the greatest common factor of 6561 and 8343?
81
Calculate the greatest common divisor of 854 and 97594.
14
What is the greatest common factor of 42 and 817299?
21
What is the greatest common divisor of 13284 and 410?
82
Calculate the greatest common divisor of 368249 and 5859.
217
What is the greatest common divisor of 4495 and 638?
29
Calculate the greatest common factor of 847411 and 9583.
1369
Calculate the highest common factor of 120 and 1260408.
24
Calculate the highest common divisor of 9 and 43893.
9
Calculate the highest common divisor of 6711 and 153.
3
Calculate the greatest common factor of 143650 and 1625.
325
Calculate the greatest common factor of 63456 and 24.
24
What is the greatest common divisor of 13583 and 198152?
799
What is the highest common factor of 9940 and 193333?
497
What is the greatest common factor of 306 and 34374?
102
What is the highest common factor of 810 and 2696490?
810
Calculate the greatest common factor of 6685 and 245.
35
What is the greatest common factor of 276 and 118887?
69
What is the greatest common factor of 115 and 4007?
1
What is the greatest common divisor of 126 and 1034469?
9
Calculate the highest common divisor of 6908 and 487328.
628
Calculate the greatest common divisor of 188 and 932.
4
What is the greatest common divisor of 64912 and 608?
16
What is the highest common divisor of 20090 and 615?
205
What is the highest common divisor of 700380 and 900?
180
What is the greatest common divisor of 19511 and 4117?
179
Calculate the greatest common factor of 23 and 9007559.
23
What is the highest common factor of 2842 and 56?
14
What is the highest common divisor of 18135 and 130?
65
Calculate the highest common factor of 544 and 146336.
544
What is the highest common divisor of 2484 and 1094202?
1242
What is the greatest common factor of 79563 and 407?
11
Calculate the greatest common divisor of 9888 and 816.
48
What is the highest common factor of 5684 and 1372?
196
What is the greatest common divisor of 30 and 595230?
30
What is the greatest common divisor of 13899 and 4387?
41
What is the greatest common factor of 36001 and 156436?
259
Calculate the highest common divisor of 16836 and 132492.
732
What is the highest common divisor of 638 and 5433208?
638
What is the highest common factor of 5980 and 3680?
460
What is the greatest common factor of 1617 and 16464?
147
Calculate the greatest common factor of 21 and 637.
7
What is the greatest common factor of 1235790 and 30?
30
What is the highest common factor of 162 and 61344?
54
Calculate the highest common divisor of 333771 and 852.
213
Calculate the highest common divisor of 173389 and 41.
41
What is the highest common factor of 664812 and 1878?
1878
Calculate the greatest common factor of 3 and 116805.
3
Calculate the greatest common divisor of 74 and 1477447.
37
Calculate the greatest common factor of 62 and 58249.
31
Calculate the highest common factor of 311454 and 117.
117
Calculate the highest common divisor of 3096 and 1720.
344
Calculate the highest common divisor of 2 and 3137.
1
Calculate the highest common factor of 24978 and 14.
2
Calculate the greatest common factor of 101145 and 165.
165
Calculate the highest common divisor of 567 and 263223.
27
Calculate the greatest common factor of 2 and 9923.
1
Calculate the greatest common divisor of 6 and 221574.
6
What is the greatest common divisor of 7656 and 1023?
33
What is the highest common divisor of 62 and 6169?
31
What is the greatest common factor of 8295 and 686826?
1659
What is the greatest common divisor of 211818 and 387?
129
Calculate the greatest common divisor of 1234 and 86.
2
Calculate the greatest common factor of 2968 and 196312.
424
What is the highest common divisor of 247645 and 3?
1
Calculate the greatest common factor of 50 and 696475.
25
Calculate the greatest common factor of 44390 and 2898.
46
What is the highest common factor of 302177 and 1347?
449
What is the highest common factor of 41 and 273388?
41
What is the highest common divisor of 432 and 49464?
216
What is the greatest common factor of 135234 and 396?
198
Calculate the highest common divisor of 99 and 120483.
99
Calculate the highest common factor of 540519 and 147.
147
What is the highest common divisor of 5134475 and 10?
5
What is the greatest common factor of 15040 and 48?
16
What is the greatest common factor of 11328 and 13632?
192
What is the greatest common divisor of 317 and 28213?
317
Calculate the highest common divisor of 1881 and 9504.
99
Calculate the highest common divisor of 238305 and 180.
15
Calculate the highest common factor of 46 and 110078.
46
Calculate the greatest common divisor of 2223 and 380.
19
What is the greatest common factor of 679 and 21825?
97
What is the highest common divisor of 20 and 44180?
20
What is the highest common factor of 310877 and 1869?
623
Calculate the highest common divisor of 13167 and 869.
11
Calculate the highest common divisor of 811177 and 382.
191
What i